{"id":3378,"date":"2025-11-13T17:46:45","date_gmt":"2025-11-13T20:46:45","guid":{"rendered":"https:\/\/novo.monange.cm2dev.com.br\/?post_type=product&#038;p=3378"},"modified":"2025-11-13T17:57:11","modified_gmt":"2025-11-13T20:57:11","slug":"monange-sab-intimo-hidrata-200ml","status":"publish","type":"product","link":"https:\/\/novo.monange.cm2dev.com.br\/?product=monange-sab-intimo-hidrata-200ml","title":{"rendered":"MONANGE SAB INTIMO HIDRATA 200ML"},"content":{"rendered":"<p>Monange &#038; Lucretin se uniram especialmente para os cuidados com a pele sens\u00edvel da regi\u00e3o \u00edntima. Mant\u00e9m a hidrata\u00e7\u00e3o da pele evitando o ressecamento e conta com um sistema de Prote\u00e7\u00e3o Natural, que mant\u00e9m o equil\u00edbrio do pH da flora proporcionando  sensa\u00e7\u00e3o de prote\u00e7\u00e3o por 24h e maciez.<\/p>\n","protected":false},"excerpt":{"rendered":"<p>Monange &#038; Lucretin se uniram especialmente para os cuidados com a pele sens\u00edvel da regi\u00e3o \u00edntima. Mant\u00e9m a hidrata\u00e7\u00e3o da pele evitando o ressecamento e conta com um sistema de Prote\u00e7\u00e3o Natural, que mant\u00e9m o equil\u00edbrio do pH da flora proporcionando sensa\u00e7\u00e3o de prote\u00e7\u00e3o por 24h e maciez.<\/p>\n","protected":false},"featured_media":3387,"comment_status":"open","ping_status":"closed","template":"","meta":{"_acf_changed":false},"beneficio":[],"product_brand":[],"product_cat":[229,233,230,235,238,234,232,239,82,231],"product_tag":[],"class_list":{"0":"post-3378","1":"product","2":"type-product","3":"status-publish","4":"has-post-thumbnail","6":"product_cat-acido-latico","7":"product_cat-controle-do-odor","8":"product_cat-equilibrio-do-ph","9":"product_cat-evita-o-ressecamento","10":"product_cat-extratos-vegetais","11":"product_cat-limpeza-apropriada","12":"product_cat-maciez","13":"product_cat-oleo-de-macadamia","14":"product_cat-sabonete-intimo","15":"product_cat-sensacao-de-protecao-por-24h","17":"first","18":"instock","19":"shipping-taxable","20":"product-type-simple"},"acf":[],"_links":{"self":[{"href":"https:\/\/novo.monange.cm2dev.com.br\/index.php?rest_route=\/wp\/v2\/product\/3378","targetHints":{"allow":["GET"]}}],"collection":[{"href":"https:\/\/novo.monange.cm2dev.com.br\/index.php?rest_route=\/wp\/v2\/product"}],"about":[{"href":"https:\/\/novo.monange.cm2dev.com.br\/index.php?rest_route=\/wp\/v2\/types\/product"}],"replies":[{"embeddable":true,"href":"https:\/\/novo.monange.cm2dev.com.br\/index.php?rest_route=%2Fwp%2Fv2%2Fcomments&post=3378"}],"wp:featuredmedia":[{"embeddable":true,"href":"https:\/\/novo.monange.cm2dev.com.br\/index.php?rest_route=\/wp\/v2\/media\/3387"}],"wp:attachment":[{"href":"https:\/\/novo.monange.cm2dev.com.br\/index.php?rest_route=%2Fwp%2Fv2%2Fmedia&parent=3378"}],"wp:term":[{"taxonomy":"beneficio","embeddable":true,"href":"https:\/\/novo.monange.cm2dev.com.br\/index.php?rest_route=%2Fwp%2Fv2%2Fbeneficio&post=3378"},{"taxonomy":"product_brand","embeddable":true,"href":"https:\/\/novo.monange.cm2dev.com.br\/index.php?rest_route=%2Fwp%2Fv2%2Fproduct_brand&post=3378"},{"taxonomy":"product_cat","embeddable":true,"href":"https:\/\/novo.monange.cm2dev.com.br\/index.php?rest_route=%2Fwp%2Fv2%2Fproduct_cat&post=3378"},{"taxonomy":"product_tag","embeddable":true,"href":"https:\/\/novo.monange.cm2dev.com.br\/index.php?rest_route=%2Fwp%2Fv2%2Fproduct_tag&post=3378"}],"curies":[{"name":"wp","href":"https:\/\/api.w.org\/{rel}","templated":true}]}}